0). Determine l(g).
16
Suppose 6 = 4*k - 2*d, 2*k + 2*k - 9 = -d. Let h be 1/(0 + k + -3). Let z(s) be the third derivative of s**4/24 + 18*s**2. Give z(h).
-1
Let y(z) = z**2 - 11*z + 7. Let o(j) = 8*j**2 + 4*j - 5. Let c be o(1). Calculate y(c).
-21
Let g(t) = t**3 + t**2. Let c(x) = 3*x**3 + x**2 - 2*x + 1. Let v(a) = -c(a) + 4*g(a). What is v(-3)?
-7
Suppose 23 + 1 = 4*r. Let p(h) = 3*h + 5. Let q(x) = -x - 2. Let c(w) = -6*p(w) - 17*q(w). What is c(r)?
-2
Let t(a) be the first derivative of 2*a**2 - 2*a + 1. Let v = -1 + -1. Let n(o) = 3*o - 2. Let h(r) = v*t(r) + 3*n(r). What is h(5)?
3
Let p(r) = -4 - 636*r + 13 + 634*r. Calculate p(6).
-3
Let l(y) = 2*y + 1 + 6 - y. Suppose -5*c = -q + 5*q - 12, q - 6 = -2*c. Let j be 6*(-1)/2 + q. Determine l(j).
2
Let s(t) = t + 5. Suppose 5*p + 4*r - 31 = 0, -p - r + 2*r = 1. Let o be -1 - p - 0/(-1). Give s(o).
1
Let v(s) = 4*s + 34. Let w be v(-10). Let z(k) = k**2 + 4*k - 4. Give z(w).
8
Suppose 5*u - 21 = c, -2*u = c - 3*u + 1. Let t(v) = 3*v + 40 - c*v - 39. Let o be (-1 + 0 + 2)*-3. What is t(o)?
4
Let y = -7 + 12. Let v(u) = -y*u - u + 3*u + 2 + 0*u. Give v(4).
-10
Let c(p) = -p. Let j be c(-2). Suppose -j = -3*f - 5. Let h(v) = 7*v**3 + 1. Determine h(f).
-6
Let d(i) = i**3 - 6*i**2 + 3*i + 2. Suppose b - 2*b + 16 = 3*x, 2*x - 2*b = 16. Calculate d(x).
20
Let q(i) = -i**3 - 3*i**2 - 3*i - 3. Let u(m) = m**3 - 3*m**2 + 2*m. Let k be u(2). Suppose 0*f + 4*f + 12 = k. Determine q(f).
6
Let c = -11 + 5. Let s(f) = -f**2 - 11*f + 7. Let b(p) = p - 1. Let y(i) = -5*b(i) - s(i). Give y(c).
-2
Let q(t) = -t + 7. Let w = 40 + -35. Calculate q(w).
2
Let g = 10 - 6. Let o be 4 + (-4)/2 - g. Let b(c) = 3*c**2 - 3*c - c - 2 - 5*c**2. Calculate b(o).
-2
Let l = 0 - -2. Let w = l + 0. Let s(m) = m**3 + m**2 - 3*m + 1. Give s(w).
7
Let w(j) = -4 - 5 + 5 - j. Suppose -4*q - 8 = -3*o, -o + 7*q = 2*q - 10. Calculate w(o).
-4
Let j(o) = o**2 + o - 2. Let k be 6/(-1 - (-3)/(-6)). Let g be (-12)/18 - k/(-3). Give j(g).
0
Let b(c) be the third derivative of 31*c**5/60 - c**3/6 + 41*c**2. Give b(-1).
30
Let d(p) = -p**3 + 7*p**2 - 7*p. Let a be d(6). Let i(j) = j**3 + 6*j**2 + 1. Calculate i(a).
1
Suppose -17 = -3*z + 1. Let r be 3/1*(-2)/z. Let t be (r - -3) + 1 + -5. Let v(q) = -2*q + 1. What is v(t)?
5
Let t(i) = -4*i**2 - 6*i - 11. Let k(y) = 5*y**2 + 7*y + 11. Let m be (-19)/3 + 3/9. Let g(r) = m*t(r) - 5*k(r). Determine g(0).
11
Let g be 5*(-20)/75 + 2/(-3). Let v(r) = -3*r**2 - 4*r - 2. Give v(g).
-6
Let b = -6 + 4. Let t(g) be the third derivative of g**6/120 + g**5/60 - g**4/12 + g**3/6 - g**2. Give t(b).
1
Suppose 2*u + 4 = 2*j - 0, u - 4*j + 17 = 0. Let a = u + 0. Let i(h) = -5 + 4 + 3*h**2 + 4*h - h**3 - 2*h. Determine i(a).
5
Let l(j) = 0 - j + 0 + 4. Suppose -10 - 2 = -3*p. Let s(n) = -n**3 + 3*n**2 + 4*n + 3. Let m be s(p). Give l(m).
1
Suppose -3*l = -5*l + 22. Suppose 5*x = l - 36. Let z(y) = -2*y - 3. Let o(d) = 5*d + 7. Let u(h) = -3*o(h) - 7*z(h). Calculate u(x).
5
Let n(p) = -p**2 - 5*p + 7. Let s be n(-6). Suppose 0 = d - 0 - 3. Let l(g) = -g + d - s - g. Determine l(2).
-2
Let c(u) = -u + 17. Let j be c(10). Suppose -2*y = -j*y - 20. Let q(b) be the first derivative of -b**3/3 - b**2/2 + 4*b + 2. Give q(y).
-8
Let f(w) = 4*w**2 - w. Let j(x) be the third derivative of x**6/120 + x**5/12 - x**4/12 - 8*x**2. Let m(r) = -3*f(r) + 2*j(r). Determine m(-1).
-3
Suppose -q = -4*q + 15. Let i(k) = k**2 + 5*k + 3. Let r be i(-5). Let t(h) = 1 + 0*h - r*h + 4 + 1. What is t(q)?
-9
Let z(t) = t**3 - 3*t**2 + t - 3. Suppose 7*l - 2*l = 10. Suppose 6 = -0*j + l*j. Let s be z(j). Let k(q) = -q**2 + q - 9. Determine k(s).
-9
Let w(v) = -9*v**2 - 4. Let c(t) = 26*t**2 + 11. Let r(g) = -g**3 + g**2 - g - 2. Let x be r(2). Let m(b) = x*w(b) - 3*c(b). Give m(-1).
-7
Suppose -3*k + 29 = -5*y, 3*k - 8 - 12 = -4*y. Suppose 2*r + 4*i - k = -0*r, -3*i - 5 = -4*r. Let t(a) = -a**3 + 3*a**2 - 2*a. Calculate t(r).
0
Let p(u) = -u**3 + 7*u**2 - 8*u + 7. Let v(t) = 3*t + 7. Let w be v(-5). Let c = 10 + w. Let i(r) = r**3 - r. Let s be i(c). Calculate p(s).
-5
Let a(t) = 4*t**3 + 5*t**2 + 4*t - 5. Let v(s) = 4*s**3 + 4*s**2 + 3*s - 4. Let o(z) = 3*a(z) - 4*v(z). Determine o(1).
-4
Let r(z) = -z**3 - 6*z**2 - 2*z + 16. Let j be r(-5). Let c(a) = 4*a**2 - a. What is c(j)?
3
Let j(m) = m**2 - 4*m + 3. Let g be (-36)/342 + 80/38. Give j(g).
-1
Let w(t) be the first derivative of 1/2*t**2 + 2*t + 1/2*t**4 - 4/3*t**3 + 1. Determine w(2).
4
Let k(d) be the third derivative of d**4/24 + 2*d**3/3 + 2*d**2. Let q be k(-8). Let b(w) = -w**3 - 3*w**2 + w - 3. Determine b(q).
9
Let m(n) be the third derivative of -1/2*n**3 + 0 + 0*n + 10*n**2 + 1/8*n**4. Give m(3).
6
Let k(f) = -2*f - 5. Let r(a) = 2*a + 5. Let m(p) = -4*k(p) - 3*r(p). What is m(-4)?
-3
Suppose 4*c - 80 = -c. Suppose -y = 3, 0 = -d - 4*d + 2*y + c. Let g(w) = -6*w - 5*w**3 - 1 + w**3 - 6*w**d + 3*w**3. Determine g(-4).
-9
Let p(a) = 2*a**3 + 3*a**2 + 4 - 5 - 3*a**3. Determine p(3).
-1
Let b(w) be the second derivative of -5*w**3/6 - w. Suppose -41 = 3*h - 44. Give b(h).
-5
Let n(u) = 8*u. Let i be (-1)/10*-14 + (-8)/20. What is n(i)?
8
Let a = 1 + -7. Let o(w) = -4*w + 7*w + 0*w - 2*w + 3. Determine o(a).
-3
Let u(i) be the first derivative of -i**5/120 + i**4/6 - 2*i**3/3 - 5. Let z(s) be the third derivative of u(s). Calculate z(4).
0
Let p be 6*((-6)/(-4) - 1). Suppose -6*i + 2*i - p*j - 7 = 0, i = 3*j - 13. Let f(a) = -a - 5. Let h(c) = -3*c - 13. Let r(o) = -11*f(o) + 4*h(o). Give r(i).
7
Let b(q) be the third derivative of q**5/30 + q**4/6 - q**3/2 - 9*q**2. Determine b(2).
13
Suppose -4*h - 19 = -7. Let j(y) = 2*y**2 + 2*y + 1. Give j(h).
13
Suppose 0 = 4*p - 3*b - 2*b - 13, -b = -4*p + 9. Let l(z) = 3 - 4 + z**3 + 2*z - 3*z**2 + 0. Determine l(p).
-1
Suppose 2*d = 4*r + 18, -r - d = 2*r + 11. Let u(q) = -2*q**2 - 4*q + 2. Let l(w) = w**2 - w - 1. Let b(n) = -l(n) - u(n). Determine b(r).
-5
Suppose -25 - 2 = 4*r - 3*n, -5*n = 2*r + 33. Let y(h) = h**3 + 8*h**2 - 11*h - 13. Determine y(r).
5
Let m(f) = -6*f - 11. Let d be m(-2). Let g(z) = 1 + 0*z - 2*z**3 + 2*z - 4*z. Calculate g(d).
-3
Let b(f) be the first derivative of 1 + 1/3*f**3 - f - 2*f**2. Let s be b(4). Let h(t) = -5*t**2 - t. What is h(s)?
-4
Let n(a) = -a**2 + 8*a - 1. Suppose -4*f + 2*w = -34, -f + 0*f + w = -11. Give n(f).
11
Let h(i) = 13*i**3 - 4*i**2 - 9*i - 11. Let j(m) = 3*m**3 - m**2 - 2*m - 3. Let l(c) = -2*h(c) + 9*j(c). Calculate l(0).
-5
Let r(w) be the third derivative of 1/24*w**4 + 1/60*w**5 + 0 + 0*w - w**2 + 1/3*w**3. What is r(0)?
2
Let g(c) = 6*c**2 + 4*c - 11*c**2 + 8 - 3 + 4*c**2. Give g(4).
5
Let x(p) = 3*p**2 - 1. Let b be x(1). Let a(u) be the second derivative of 0 + 3*u - 1/3*u**3 + 3/2*u**2 - 1/10*u**5 + 1/6*u**4. Determine a(b).
-9
Let d be (-2)/4 - 1/2. Let x be 0/(-2) + d/(-1). Let g(m) = 13*m + 3*m**2 - 1 - 13*m. Give g(x).
2
Let q(m) = 2*m**2 + 3*m. Let g be q(-2). Let b(u) = 4*u**2 + u. Let w(k) = -7*k**2 - 2*k. Let x(t) = 5*b(t) + 3*w(t). Give x(g).
-6
Let s = -33 + 46. Let o = 7 - s. Let g(b) = b**2 + 4*b - 7. Give g(o).
5
Suppose 0 = h + h. Let t = h - -1. Let o(w) be the first derivative of w**4/4 - 2*w**3/3 + w**2/2 - 1. What is o(t)?
0
Let z be 10 - 5 - (0 - 1). Let b(d) = d. What is b(z)?
6
Let b = 8 + -3. Let w(y) = -7 + y + 0*y + b. Let t = -104 - -104. Determine w(t).
-2
Suppose 0 = -5*r - 4*c - 6, -10 = 2*r + r - 4*c. Let k(v) = -v**2 - 3*v - 1. Give k(r).
1
Let v(a) = 3*a**2 + a - 7. Let m(q) = 7*q**2 + 3*q - 15. Let h(j) = -2*m(j) + 5*v(j). Give h(4).
7
Let r(m) = 11*m**2 - 6*m - 5. Let j(u) = -1 + 3 - 5*u**2 - u**2 + 3*u + u**2. Let k(d) = 7*j(d) + 3*r(d). What is k(3)?
-10
Suppose 2*p = -k - 8, -p - 3*k + 1 = -5*k. Let w(b) = -b**3 - 2*b**2 + 4*b. Calculate w(p).
-3
Let j(p) = 3. Let k(o) = 2. Let u(y) = 3*j(y) - 4*k(y). Let f(b) = b - 8. Let r(l) = -f(l) - 4*u(l). Give r(7).
-3
Suppose 26 = 2*a + 4. Suppose -2*c - 3*t = -5*c - 12, -c + a = 2*t. Let p(v) = 6*v**2 + v. What is p(c)?
7
Let t = -35 - -29. Let l(r) = 8*r - 29. Let z(n) = -3*n + 10. Let f(j) = -4*l(j) - 11*z(j). What is f(t)?
0
Let i = 1 + 3. Let d be 0/(-5) - (-3)/1. Let n(u) = 0*u**3 + i*u**2 - 2*u**3 - 2*u + 2 - d. Give n(2).
-5
Suppose 6*z = z + 10. Let j(f) = -3*f + 2*f**3 + 1 - 4 